
33
What is the remainder when 11095884 is divided by 23?
17
Calculate the remainder when 3755638 is divided by 144447.
16
What is the remainder when 58386941 is divided by 34?
33
What is the remainder when 38514157 is divided by 3063?
3058
Calculate the remainder when 36568218 is divided by 620.
618
Calculate the remainder when 856985839 is divided by 1016.
1015
What is the remainder when 194717390 is divided by 16?
14
What is the remainder when 6063143 is divided by 222?
101
What is the remainder when 8103984 is divided by 2701316?
36
What is the remainder when 3538865 is divided by 168517?
8
Calculate the remainder when 4675907 is divided by 59947.
41
What is the remainder when 1951733 is divided by 650463?
344
What is the remainder when 56953 is divided by 56459?
494
What is the remainder when 36680038 is divided by 115346?
10
What is the remainder when 99129347 is divided by 2974?
2953
What is the remainder when 1282708 is divided by 612?
568
Calculate the remainder when 40032580 is divided by 433.
431
What is the remainder when 312778 is divided by 312768?
10
What is the remainder when 2364439 is divided by 915?
79
Calculate the remainder when 610634 is divided by 4300.
34
Calculate the remainder when 1581132 is divided by 309.
288
What is the remainder when 750676252 is divided by 88?
84
What is the remainder when 57283 is divided by 56931?
352
Calculate the remainder when 20780 is divided by 1148.
116
Calculate the remainder when 2799 is divided by 174.
15
Calculate the remainder when 382879 is divided by 1137.
847
What is the remainder when 2760032 is divided by 2000?
32
Calculate the remainder when 839000 is divided by 64.
24
Calculate the remainder when 676306 is divided by 74809.
3025
Calculate the remainder when 625788 is divided by 193.
82
Calculate the remainder when 33078 is divided by 173.
35
Calculate the remainder when 14127385 is divided by 338.
337
Calculate the remainder when 4819529 is divided by 1087.
858
Calculate the remainder when 2252529 is divided by 159.
135
Calculate the remainder when 15673 is divided by 2518.
565
Calculate the remainder when 5958616 is divided by 1406.
1394
What is the remainder when 3336343 is divided by 3939?
10
What is the remainder when 2532465 is divided by 5531?
4798
What is the remainder when 713796 is divided by 237927?
15
What is the remainder when 23963601 is divided by 684674?
11
Calculate the remainder when 801109 is divided by 526.
11
Calculate the remainder when 305197 is divided by 30484.
357
What is the remainder when 22344844 is divided by 339?
337
Calculate the remainder when 63953 is divided by 7064.
377
Calculate the remainder when 100292 is divided by 16715.
2
Calculate the remainder when 815513 is divided by 2105.
878
Calculate the remainder when 660235 is divided by 126.
121
Calculate the remainder when 17618 is divided by 4723.
3449
What is the remainder when 172985 is divided by 304?
9
Calculate the remainder when 402061501 is divided by 1710900.
1
What is the remainder when 732075 is divided by 146408?
35
What is the remainder when 1924016 is divided by 281?
9
What is the remainder when 142813959 is divided by 62?
59
Calculate the remainder when 9548079 is divided by 581.
506
Calculate the remainder when 59024696 is divided by 1851.
8
What is the remainder when 150741 is divided by 74973?
795
What is the remainder when 10650734 is divided by 507177?
17
What is the remainder when 21866282 is divided by 575428?
18
What is the remainder when 168178 is divided by 33628?
38
Calculate the remainder when 9223058 is divided by 1130.
1128
Calculate the remainder when 297760 is divided by 1301.
1132
What is the remainder when 113385148 is divided by 56692563?
22
What is the remainder when 107665124 is divided by 18?
14
Calculate the remainder when 6879311 is divided by 473.
472
What is the remainder when 473424209 is divided by 13?
11
What is the remainder when 45181546 is divided by 5774?
5770
Calculate the remainder when 1862675 is divided by 3610.
3525
Calculate the remainder when 1373733 is divided by 4792.
3221
Calculate the remainder when 113892 is divided by 113882.
10
Calculate the remainder when 18949639 is divided by 2707081.
72
Calculate the remainder when 76734 is divided by 4038.
12
Calculate the remainder when 118301 is divided by 55051.
8199
What is the remainder when 1383504 is divided by 34?
10
What is the remainder when 247598 is divided by 1890?
8
Calculate the remainder when 260836 is divided by 137.
125
What is the remainder when 244101 is divided by 585?
156
What is the remainder when 1998276 is divided by 883?
47
What is the remainder when 88382 is divided by 17665?
57
Calculate the remainder when 144441 is divided by 97.
8
Calculate the remainder when 2418441 is divided by 84.
81
What is the remainder when 555284 is divided by 111054?
14
Calculate the remainder when 21090199 is divided by 33.
31
What is the remainder when 1084923 is divided by 62?
47
What is the remainder when 2007300 is divided by 333?
309
What is the remainder when 3573008 is divided by 2355?
473
What is the remainder when 823232259 is divided by 373?
371
Calculate the remainder when 275891 is divided by 3943.
3824
Calculate the remainder when 190533 is divided by 1401.
1398
What is the remainder when 470650 is divided by 9805?
10
Calculate the remainder when 636024 is divided by 33471.
75
What is the remainder when 30923 is divided by 772?
43
Calculate the remainder when 93952 is divided by 3462.
478
Calculate the remainder when 12333188 is divided by 45.
38
What is the remainder when 89251 is divided by 8110?
41
What is the remainder when 34198 is divided by 2133?
70
Calculate the remainder when 154897521 is divided by 129.
126
What is the remainder when 3373096 is divided by 638?
628
Calculate the remainder when 36571931 is divided by 95488.
27
Calculate the remainder when 5818612 is divided by 1323.
58
What is the remainder when 8682154 is divided by 30?
4
Calculate the remainder when 8421200 is divided by 487.
483
What is the remainder when 4226607 is divided by 445?
442
Calculate the remainder when 858785 is divided by 111.
89
Calculate the remainder when 160673697 is divided by 25.
22
What is the remainder when 21472615 is divided by 197?
9
What is the remainder when 612486 is divided by 114?
78
Calculate the remainder when 13798294 is divided by 1724785.
14
What is the remainder when 467637809 is divided by 3573?
3569
What is the remainder when 25235363 is divided by 6929?
6874
Calculate the remainder when 4829473 is divided by 1619.
1615
Calculate the remainder when 16166808 is divided by 114657.
171
What is the remainder when 14181892 is divided by 7348?
252
What is the remainder when 1065561 is divided by 3259?
3127
Calculate the remainder when 59555 is divided by 19027.
2474
What is the remainder when 89934634 is divided by 4?
2
Calculate the remainder when 13495234 is divided by 31.
4
Calculate the remainder when 4822991 is divided by 5569.
237
Calculate the remainder when 157727 is divided by 76620.
4487
Calculate the remainder when 2837584 is divided by 12957.
1
What is the remainder when 888897 is divided by 1392?
801
What is the remainder when 1595629 is divided by 2944?
2925
Calculate the remainder when 5503135 is divided by 1580.
1575
What is the remainder when 3315793 is divided by 3056?
33
Calculate the remainder when 1394009 is divided by 174251.
1
Calculate the remainder when 1013532 is divided by 13884.
0
What is the remainder when 3071793 is divided by 1092?
1089
Calculate the remainder when 401797780 is divided by 6559.
6558
Calculate the remainder when 138276 is divided by 6091.
4274
What is the remainder when 31000118 is divided by 1688?
1686
Calculate the remainder when 205816 is divided by 102741.
334
Calculate the remainder when 10722157 is divided by 175773.
4
What is the remainder when 110726 is divided by 344?
302
Calculate the remainder when 316704 is divided by 477.
453
What is the remainder when 17709900 is divided by 1915?
1895
Calculate the remainder when 173434 is divided by 143.
118
What is the remainder when 42137149 is divided by 21?
19
What is the remainder when 75352353 is divided by 68?
57
What is the remainder when 2040567 is divided b